{"id":447,"date":"2025-04-29T17:33:58","date_gmt":"2025-04-29T15:33:58","guid":{"rendered":"https:\/\/vacanzaweb.it\/?page_id=447"},"modified":"2025-04-30T09:27:58","modified_gmt":"2025-04-30T07:27:58","slug":"villaggio-african-beach","status":"publish","type":"page","link":"https:\/\/vacanzaweb.it\/index.php\/hotel-in-puglia\/villaggio-african-beach\/","title":{"rendered":"Villaggio African Beach 3*"},"content":{"rendered":"\n<p style=\"font-size:15px\">Situato in Puglia, sulla costa del Mar Adriatico. Il villaggio sorge direttamente sul mare, su una lunga spiaggia attrezzata con ombrelloni a pagoda, lettini e sdraio. Si propone in formula hotel con diverse possibilit\u00e0 di alloggio, un\u00b4ampia scelta servizi per i bambini, lo sport ed il divertimento.<\/p>\n\n\nngg_shortcode_0_placeholder\n\n\n<h2 class=\"wp-block-heading has-cyan-bluish-gray-background-color has-background\" style=\"font-size:20px\">Tabella Prezzi<\/h2>\n\n\n<div class=\"wp-block-image\">\n<figure class=\"aligncenter size-full\"><img loading=\"lazy\" decoding=\"async\" width=\"1608\" height=\"1385\" src=\"https:\/\/vacanzaweb.it\/wp-content\/uploads\/2025\/04\/african_beach_prezzi.jpg\" alt=\"\" class=\"wp-image-449\" srcset=\"https:\/\/vacanzaweb.it\/wp-content\/uploads\/2025\/04\/african_beach_prezzi.jpg 1608w, https:\/\/vacanzaweb.it\/wp-content\/uploads\/2025\/04\/african_beach_prezzi-300x258.jpg 300w, https:\/\/vacanzaweb.it\/wp-content\/uploads\/2025\/04\/african_beach_prezzi-1024x882.jpg 1024w, https:\/\/vacanzaweb.it\/wp-content\/uploads\/2025\/04\/african_beach_prezzi-768x661.jpg 768w, https:\/\/vacanzaweb.it\/wp-content\/uploads\/2025\/04\/african_beach_prezzi-1536x1323.jpg 1536w, https:\/\/vacanzaweb.it\/wp-content\/uploads\/2025\/04\/african_beach_prezzi-70x60.jpg 70w, https:\/\/vacanzaweb.it\/wp-content\/uploads\/2025\/04\/african_beach_prezzi-600x517.jpg 600w\" sizes=\"auto, (max-width: 1608px) 100vw, 1608px\" \/><\/figure>\n<\/div>\n\n\n<div style=\"height:50px\" aria-hidden=\"true\" class=\"wp-block-spacer\"><\/div>\n\n\n\n<figure class=\"wp-block-image size-full\"><img loading=\"lazy\" decoding=\"async\" width=\"2560\" height=\"137\" src=\"https:\/\/vacanzaweb.it\/wp-content\/uploads\/2025\/04\/incluso_3000x160-scaled.jpg\" alt=\"\" class=\"wp-image-309\" srcset=\"https:\/\/vacanzaweb.it\/wp-content\/uploads\/2025\/04\/incluso_3000x160-scaled.jpg 2560w, https:\/\/vacanzaweb.it\/wp-content\/uploads\/2025\/04\/incluso_3000x160-300x16.jpg 300w, https:\/\/vacanzaweb.it\/wp-content\/uploads\/2025\/04\/incluso_3000x160-1024x55.jpg 1024w, https:\/\/vacanzaweb.it\/wp-content\/uploads\/2025\/04\/incluso_3000x160-768x41.jpg 768w, https:\/\/vacanzaweb.it\/wp-content\/uploads\/2025\/04\/incluso_3000x160-1536x82.jpg 1536w, https:\/\/vacanzaweb.it\/wp-content\/uploads\/2025\/04\/incluso_3000x160-2048x109.jpg 2048w, https:\/\/vacanzaweb.it\/wp-content\/uploads\/2025\/04\/incluso_3000x160-600x32.jpg 600w\" sizes=\"auto, (max-width: 2560px) 100vw, 2560px\" \/><\/figure>\n\n\n\n<p style=\"font-size:15px\">Tariffe in <strong>Pensione Completa<\/strong> dalla cena del giorno di arrivo al pranzo del giorno di partenza.&nbsp;<\/p>\n\n\n\n<p style=\"font-size:15px\"><strong>Baby 0\\4 anni <\/strong>n.c.: Gratis in culla propria o con i genitori, pasti non inclusi.<br><strong>Capienza massima alloggi<\/strong>: camera hotel 2\/3 posti letto, bungalow 4\/5 posti letto infant inclusi.<\/p>\n\n\n\n<figure class=\"wp-block-image size-full\"><img loading=\"lazy\" decoding=\"async\" width=\"2560\" height=\"138\" src=\"https:\/\/vacanzaweb.it\/wp-content\/uploads\/2025\/04\/non_incluso_3000x160-scaled.jpg\" alt=\"\" class=\"wp-image-310\" srcset=\"https:\/\/vacanzaweb.it\/wp-content\/uploads\/2025\/04\/non_incluso_3000x160-scaled.jpg 2560w, https:\/\/vacanzaweb.it\/wp-content\/uploads\/2025\/04\/non_incluso_3000x160-300x16.jpg 300w, https:\/\/vacanzaweb.it\/wp-content\/uploads\/2025\/04\/non_incluso_3000x160-1024x55.jpg 1024w, https:\/\/vacanzaweb.it\/wp-content\/uploads\/2025\/04\/non_incluso_3000x160-768x41.jpg 768w, https:\/\/vacanzaweb.it\/wp-content\/uploads\/2025\/04\/non_incluso_3000x160-1536x83.jpg 1536w, https:\/\/vacanzaweb.it\/wp-content\/uploads\/2025\/04\/non_incluso_3000x160-2048x111.jpg 2048w, https:\/\/vacanzaweb.it\/wp-content\/uploads\/2025\/04\/non_incluso_3000x160-600x32.jpg 600w\" sizes=\"auto, (max-width: 2560px) 100vw, 2560px\" \/><\/figure>\n\n\n\n<p style=\"font-size:15px\"><strong>COSTI OBBLIGATORI DA PAGARE IN LOCO:<\/strong><br><strong>Tessera Club:<\/strong> Tessera Club \u20ac 49,00 a persona a settimana (obbligatoria da 4 a 75 anni). &nbsp;Comprende: utilizzo piscine, canoe e sup; animazione diurna e serale. Corsi collettivi: nuoto, tennis, ginnastica acquatica, aerobica, fitness e ballo. Tornei di calcetto, ping-pong, beach-volley, beach tennis e bocce; mini club dai 4 ai 9 anni; junior club dai 9 ai 13 anni; Young club dai 13 ai 17 anni. Servizio spiaggia con ombrellone 2 lettini e 1 sdraio. &nbsp;Non comprende: noleggio privato campo tennis\/calcetto. Nel periodo dal 15\/06 al 06\/07 sar\u00e0 presente nella struttura un gruppo di ragazzi (scuolazoo), pertanto in tale periodo al fine di compensare eventuali modifiche del programma di animazione, la quota della tessera club verr\u00e0 ridotta ad \u20ac 28,00 a persona a settimana.<br><strong>Quota consumi energetici:<\/strong> \u20ac 2,00 a persona al giorno (infant esclusi) per consumi di luce, acqua, gas e aria condizionata (dai 4 ai 75 anni compiuti).<br><strong>Cauzione:<\/strong> \u20ac 50,00<br><strong>Tassa di soggiorno: <\/strong>Come prevista da regolamento comunale vigente.<\/p>\n\n\n\n<p style=\"font-size:15px\"><strong>COSTI FACOLTATIVI DA PAGARE IN LOCO:<\/strong><br><strong>Baby 0\\4 anni n.c.: <\/strong>Facoltativo men\u00f9 baby \u20ac 20 al giorno.&nbsp;<br>Supplemento Settimanale <strong>Ombrellone 1\u00b0 fila<\/strong> \u20ac 56,00&nbsp;<br><strong>Noleggio culla: <\/strong>\u20ac 6,00 al giorno<br><strong>Bungalow con angolo cottura:<\/strong> \u20ac 70,00 a settimana<\/p>\n\n\n\n<figure class=\"wp-block-image size-full\"><img loading=\"lazy\" decoding=\"async\" width=\"2560\" height=\"138\" src=\"https:\/\/vacanzaweb.it\/wp-content\/uploads\/2025\/04\/stanze_3000x160-scaled.jpg\" alt=\"\" class=\"wp-image-311\" srcset=\"https:\/\/vacanzaweb.it\/wp-content\/uploads\/2025\/04\/stanze_3000x160-scaled.jpg 2560w, https:\/\/vacanzaweb.it\/wp-content\/uploads\/2025\/04\/stanze_3000x160-300x16.jpg 300w, https:\/\/vacanzaweb.it\/wp-content\/uploads\/2025\/04\/stanze_3000x160-1024x55.jpg 1024w, https:\/\/vacanzaweb.it\/wp-content\/uploads\/2025\/04\/stanze_3000x160-768x42.jpg 768w, https:\/\/vacanzaweb.it\/wp-content\/uploads\/2025\/04\/stanze_3000x160-1536x83.jpg 1536w, https:\/\/vacanzaweb.it\/wp-content\/uploads\/2025\/04\/stanze_3000x160-2048x111.jpg 2048w, https:\/\/vacanzaweb.it\/wp-content\/uploads\/2025\/04\/stanze_3000x160-600x32.jpg 600w\" sizes=\"auto, (max-width: 2560px) 100vw, 2560px\" \/><\/figure>\n\n\n\n<p style=\"font-size:15px\">Sistemazioni 2\/3 posti in camere Hotel e 4\/5 posti letto in bungalow. Le camere doppie e triple sono quasi tutte con vista panoramica mare, mentre i bungalow (senza angolo cottura) sono 4 posti letto (con possibilit\u00e0 di quinto letto su richiesta ed in base a disponibilit\u00e0). Tutte le sistemazioni sono dotate di aria condizionata, riscaldamento, tv, hi-fi, frigobar. L&#8217;Hotel \u00e8 dotato di tutti i comfort e si affaccia su un incantevole laghetto dove stazionano uccelli migratori. Wi\u2013fi gratuito nelle zone comuni<\/p>\n\n\n\n<figure class=\"wp-block-image size-full\"><img loading=\"lazy\" decoding=\"async\" width=\"2560\" height=\"137\" src=\"https:\/\/vacanzaweb.it\/wp-content\/uploads\/2025\/04\/attivita_servizi_3000x160-scaled.jpg\" alt=\"\" class=\"wp-image-312\" srcset=\"https:\/\/vacanzaweb.it\/wp-content\/uploads\/2025\/04\/attivita_servizi_3000x160-scaled.jpg 2560w, https:\/\/vacanzaweb.it\/wp-content\/uploads\/2025\/04\/attivita_servizi_3000x160-300x16.jpg 300w, https:\/\/vacanzaweb.it\/wp-content\/uploads\/2025\/04\/attivita_servizi_3000x160-1024x55.jpg 1024w, https:\/\/vacanzaweb.it\/wp-content\/uploads\/2025\/04\/attivita_servizi_3000x160-768x41.jpg 768w, https:\/\/vacanzaweb.it\/wp-content\/uploads\/2025\/04\/attivita_servizi_3000x160-1536x82.jpg 1536w, https:\/\/vacanzaweb.it\/wp-content\/uploads\/2025\/04\/attivita_servizi_3000x160-2048x109.jpg 2048w, https:\/\/vacanzaweb.it\/wp-content\/uploads\/2025\/04\/attivita_servizi_3000x160-600x32.jpg 600w\" sizes=\"auto, (max-width: 2560px) 100vw, 2560px\" \/><\/figure>\n\n\n\n<p style=\"font-size:15px\">A disposizione dei clienti connessione Wi-Fi nelle aree comuni, parcheggio interno coperto incustodito e parco giochi per i bambini. A pagamento: bazar e lavanderia a gettoni. Nel complesso Ippocampo minimarket, centro commerciale e farmacia. Per gli animali sono disponibili una zona libera e una zona alla spiaggia appositamente adibite per loro. La piscina pi\u00f9 grande \u00e8 collocata nel corpo centrale del Villaggio Residence African Beach. E&#8217; possibile rilassarsi e prendere il sole sotto gli ombrelloni e sui lettini e sulle sdraio a completa disposizione degli ospiti del Villaggio. La piscina \u00e8 il luogo ideale per imparare a nuotare seguendo uno dei corsi di nuoto e acqua gym tenuti da istruttori altamente qualificati. Accanto alla piscina pi\u00f9 grande \u00e8 presente una piscina pi\u00f9 piccola per bambini. Animazione, sport e spettacolo sono garantiti all&#8217;interno dell&#8217;African Beach. Durante tutta la stagione estiva si organizzano tornei di ping-pong, beach volley, beach tennis, bocce, calcetto; Corsi collettivi tennis, paddle surf, canoa e nuoto; ginnastica aerobica, acqua gym, fitness e balli di gruppo e latino americani. L&#8217;animazione diurna e serale organizza spettacoli unici e divertenti, mentre sono previsti mini club per bambini dai 4 ai 9 anni, junior club dai 9 ai 13 anni, young club dai 13 ai 17 anni, gite ed escursioni organizzate. Il cuore del Villaggio \u00e8 l&#8217;ampia <strong>spiaggia<\/strong> di sabbia dorata e finissima. Questa \u00e8 attrezzata con i caratteristici ombrelloni a pagoda ed \u00e8 dotata di sdraio, lettini, campo di beach volley, beach tennis, bocce, snack bar, ristorante e pizzeria. Di giorno il mare limpido e una brezza costante creano le condizioni ideali per praticare sport marini quali Canoa e paddle surf. La notte la spiaggia si anima con allegre feste, spettacoli e gare sportive notturne. Nel Servizio spiaggia, compreso nella Tessera Club, \u00e8 incluso un ombrellone e 2 lettini.&nbsp;<\/p>\n\n\n\n<figure class=\"wp-block-image size-full\"><img loading=\"lazy\" decoding=\"async\" width=\"2560\" height=\"137\" src=\"https:\/\/vacanzaweb.it\/wp-content\/uploads\/2025\/04\/ristorazione_3000x160-scaled.jpg\" alt=\"\" class=\"wp-image-313\" srcset=\"https:\/\/vacanzaweb.it\/wp-content\/uploads\/2025\/04\/ristorazione_3000x160-scaled.jpg 2560w, https:\/\/vacanzaweb.it\/wp-content\/uploads\/2025\/04\/ristorazione_3000x160-300x16.jpg 300w, https:\/\/vacanzaweb.it\/wp-content\/uploads\/2025\/04\/ristorazione_3000x160-1024x55.jpg 1024w, https:\/\/vacanzaweb.it\/wp-content\/uploads\/2025\/04\/ristorazione_3000x160-768x41.jpg 768w, https:\/\/vacanzaweb.it\/wp-content\/uploads\/2025\/04\/ristorazione_3000x160-1536x82.jpg 1536w, https:\/\/vacanzaweb.it\/wp-content\/uploads\/2025\/04\/ristorazione_3000x160-2048x109.jpg 2048w, https:\/\/vacanzaweb.it\/wp-content\/uploads\/2025\/04\/ristorazione_3000x160-600x32.jpg 600w\" sizes=\"auto, (max-width: 2560px) 100vw, 2560px\" \/><\/figure>\n\n\n\n<p style=\"font-size:15px\">Nei due ristoranti del villaggio, &#8220;Il Gabbiano&#8221; e l'&#8221;Albatros&#8221; e nel ristorante &#8220;Airone&#8221; dell&#8217;hotel, premierete corpo e spirito degustando le specialit\u00e0 proposte dagli chef. Il Servizio ristorazione prevede la prima colazione a buffet, pranzo e cena con servizio al tavolo. Scelta tra due primi e due secondi con contorno, frutta o dolce o gelato, acqua e \u00bc di vino ai pasti. No buffet. Disponibili su prenotazione alimenti per celiaci.<\/p>\n\n\n\n<figure class=\"wp-block-image size-full\"><img loading=\"lazy\" decoding=\"async\" width=\"2560\" height=\"137\" src=\"https:\/\/vacanzaweb.it\/wp-content\/uploads\/2025\/04\/politica_cancellazioni_3000x160-scaled.jpg\" alt=\"\" class=\"wp-image-314\" srcset=\"https:\/\/vacanzaweb.it\/wp-content\/uploads\/2025\/04\/politica_cancellazioni_3000x160-scaled.jpg 2560w, https:\/\/vacanzaweb.it\/wp-content\/uploads\/2025\/04\/politica_cancellazioni_3000x160-300x16.jpg 300w, https:\/\/vacanzaweb.it\/wp-content\/uploads\/2025\/04\/politica_cancellazioni_3000x160-1024x55.jpg 1024w, https:\/\/vacanzaweb.it\/wp-content\/uploads\/2025\/04\/politica_cancellazioni_3000x160-768x41.jpg 768w, https:\/\/vacanzaweb.it\/wp-content\/uploads\/2025\/04\/politica_cancellazioni_3000x160-1536x82.jpg 1536w, https:\/\/vacanzaweb.it\/wp-content\/uploads\/2025\/04\/politica_cancellazioni_3000x160-2048x109.jpg 2048w, https:\/\/vacanzaweb.it\/wp-content\/uploads\/2025\/04\/politica_cancellazioni_3000x160-600x32.jpg 600w\" sizes=\"auto, (max-width: 2560px) 100vw, 2560px\" \/><\/figure>\n\n\n\n<p style=\"font-size:15px\">da 21 giorni a 11 giorni prima dell\u2019arrivo 30% dell\u2019importo del servizio prenotato<br>da 10 giorni a 2 giorni prima dell\u2019arrivo in struttura 75% dell\u2019importo del servizio prenotato<br>da 2 giorni prima dell\u2019arrivo in struttura 100% dell\u2019importo del servizio prenotato.<\/p>\n\n\n\n<p style=\"font-size:15px\">AD ESCLUSIONE DI EVENTUALI CONDIZIONI PARTICOLARI PREVISTE DALLE SINGOLE STRUTTURE<\/p>\n\n\n\n<figure class=\"wp-block-image size-full\"><img loading=\"lazy\" decoding=\"async\" width=\"2560\" height=\"137\" src=\"https:\/\/vacanzaweb.it\/wp-content\/uploads\/2025\/04\/politica_animali_3000x160-scaled.jpg\" alt=\"\" class=\"wp-image-315\" srcset=\"https:\/\/vacanzaweb.it\/wp-content\/uploads\/2025\/04\/politica_animali_3000x160-scaled.jpg 2560w, https:\/\/vacanzaweb.it\/wp-content\/uploads\/2025\/04\/politica_animali_3000x160-300x16.jpg 300w, https:\/\/vacanzaweb.it\/wp-content\/uploads\/2025\/04\/politica_animali_3000x160-1024x55.jpg 1024w, https:\/\/vacanzaweb.it\/wp-content\/uploads\/2025\/04\/politica_animali_3000x160-768x41.jpg 768w, https:\/\/vacanzaweb.it\/wp-content\/uploads\/2025\/04\/politica_animali_3000x160-1536x82.jpg 1536w, https:\/\/vacanzaweb.it\/wp-content\/uploads\/2025\/04\/politica_animali_3000x160-2048x109.jpg 2048w, https:\/\/vacanzaweb.it\/wp-content\/uploads\/2025\/04\/politica_animali_3000x160-600x32.jpg 600w\" sizes=\"auto, (max-width: 2560px) 100vw, 2560px\" \/><\/figure>\n\n\n\n<p style=\"font-size:15px\">Ammessi, con supplemento settimanale di \u20ac 70,00 comprendente l\u2019utilizzo del campo recintato per libero sgambamento, l\u2019utilizzo della zona spiaggia riservata \u201cBau Beach\u201d. Obbligatoria l\u2019accettazione e rispetto del regolamento villaggio.<\/p>\n\n\n\n<figure class=\"wp-block-image size-full\"><img loading=\"lazy\" decoding=\"async\" width=\"2560\" height=\"137\" src=\"https:\/\/vacanzaweb.it\/wp-content\/uploads\/2025\/04\/check_3000x160-scaled.jpg\" alt=\"\" class=\"wp-image-316\" srcset=\"https:\/\/vacanzaweb.it\/wp-content\/uploads\/2025\/04\/check_3000x160-scaled.jpg 2560w, https:\/\/vacanzaweb.it\/wp-content\/uploads\/2025\/04\/check_3000x160-300x16.jpg 300w, https:\/\/vacanzaweb.it\/wp-content\/uploads\/2025\/04\/check_3000x160-1024x55.jpg 1024w, https:\/\/vacanzaweb.it\/wp-content\/uploads\/2025\/04\/check_3000x160-768x41.jpg 768w, https:\/\/vacanzaweb.it\/wp-content\/uploads\/2025\/04\/check_3000x160-1536x82.jpg 1536w, https:\/\/vacanzaweb.it\/wp-content\/uploads\/2025\/04\/check_3000x160-2048x109.jpg 2048w, https:\/\/vacanzaweb.it\/wp-content\/uploads\/2025\/04\/check_3000x160-600x32.jpg 600w\" sizes=\"auto, (max-width: 2560px) 100vw, 2560px\" \/><\/figure>\n\n\n\n<p style=\"font-size:15px\">Check In: dalle ore 17.00<br>Check Out: entro le ore 10.00&nbsp;<\/p>\n","protected":false},"excerpt":{"rendered":"<p>Situato in Puglia, sulla costa del Mar Adriatico. Il villaggio sorge direttamente sul mare, su una lunga spiaggia attrezzata con ombrelloni a pagoda, lettini e sdraio. Si propone in formula hotel con diverse possibilit\u00e0 di alloggio, un\u00b4ampia scelta servizi per i bambini, lo sport ed &hellip; <\/p>\n","protected":false},"author":1,"featured_media":0,"parent":290,"menu_order":0,"comment_status":"closed","ping_status":"closed","template":"","meta":{"ngg_post_thumbnail":0,"footnotes":""},"class_list":["post-447","page","type-page","status-publish","hentry"],"_links":{"self":[{"href":"https:\/\/vacanzaweb.it\/index.php\/wp-json\/wp\/v2\/pages\/447","targetHints":{"allow":["GET"]}}],"collection":[{"href":"https:\/\/vacanzaweb.it\/index.php\/wp-json\/wp\/v2\/pages"}],"about":[{"href":"https:\/\/vacanzaweb.it\/index.php\/wp-json\/wp\/v2\/types\/page"}],"author":[{"embeddable":true,"href":"https:\/\/vacanzaweb.it\/index.php\/wp-json\/wp\/v2\/users\/1"}],"replies":[{"embeddable":true,"href":"https:\/\/vacanzaweb.it\/index.php\/wp-json\/wp\/v2\/comments?post=447"}],"version-history":[{"count":3,"href":"https:\/\/vacanzaweb.it\/index.php\/wp-json\/wp\/v2\/pages\/447\/revisions"}],"predecessor-version":[{"id":625,"href":"https:\/\/vacanzaweb.it\/index.php\/wp-json\/wp\/v2\/pages\/447\/revisions\/625"}],"up":[{"embeddable":true,"href":"https:\/\/vacanzaweb.it\/index.php\/wp-json\/wp\/v2\/pages\/290"}],"wp:attachment":[{"href":"https:\/\/vacanzaweb.it\/index.php\/wp-json\/wp\/v2\/media?parent=447"}],"curies":[{"name":"wp","href":"https:\/\/api.w.org\/{rel}","templated":true}]}}