{"id":859,"date":"2025-05-02T12:41:56","date_gmt":"2025-05-02T10:41:56","guid":{"rendered":"https:\/\/vacanzaweb.it\/?page_id=859"},"modified":"2025-05-02T12:51:44","modified_gmt":"2025-05-02T10:51:44","slug":"cefalu-resort-sporting-club","status":"publish","type":"page","link":"https:\/\/vacanzaweb.it\/index.php\/hotel-in-sicilia\/cefalu-resort-sporting-club\/","title":{"rendered":"Cefal\u00f9 Resort Sporting Club 4*"},"content":{"rendered":"\n<p style=\"font-size:15px\">A pochi passi dal mare pi\u00f9 cristallino di Cefal\u00f9, nella suggestiva Baia di Mazzaforno, il Resort \u00e8 immerso in uno splendido giardino mediterraneo, un luogo speciale per trascorrere le vacanze in coppia o con la propria famiglia.<\/p>\n\n\nngg_shortcode_0_placeholder\n\n\n<h2 class=\"wp-block-heading has-cyan-bluish-gray-background-color has-background\" style=\"font-size:20px\">Tabella Prezzi<\/h2>\n\n\n<div class=\"wp-block-image\">\n<figure class=\"aligncenter size-full\"><img loading=\"lazy\" decoding=\"async\" width=\"1631\" height=\"1461\" src=\"https:\/\/vacanzaweb.it\/wp-content\/uploads\/2025\/05\/cefalu_resort_prezzi.jpg\" alt=\"\" class=\"wp-image-861\" srcset=\"https:\/\/vacanzaweb.it\/wp-content\/uploads\/2025\/05\/cefalu_resort_prezzi.jpg 1631w, https:\/\/vacanzaweb.it\/wp-content\/uploads\/2025\/05\/cefalu_resort_prezzi-300x269.jpg 300w, https:\/\/vacanzaweb.it\/wp-content\/uploads\/2025\/05\/cefalu_resort_prezzi-1024x917.jpg 1024w, https:\/\/vacanzaweb.it\/wp-content\/uploads\/2025\/05\/cefalu_resort_prezzi-768x688.jpg 768w, https:\/\/vacanzaweb.it\/wp-content\/uploads\/2025\/05\/cefalu_resort_prezzi-1536x1376.jpg 1536w, https:\/\/vacanzaweb.it\/wp-content\/uploads\/2025\/05\/cefalu_resort_prezzi-67x60.jpg 67w, https:\/\/vacanzaweb.it\/wp-content\/uploads\/2025\/05\/cefalu_resort_prezzi-600x537.jpg 600w\" sizes=\"auto, (max-width: 1631px) 100vw, 1631px\" \/><\/figure>\n<\/div>\n\n\n<div style=\"height:50px\" aria-hidden=\"true\" class=\"wp-block-spacer\"><\/div>\n\n\n\n<figure class=\"wp-block-image size-full\"><img loading=\"lazy\" decoding=\"async\" width=\"2560\" height=\"137\" src=\"https:\/\/vacanzaweb.it\/wp-content\/uploads\/2025\/04\/incluso_3000x160-scaled.jpg\" alt=\"\" class=\"wp-image-309\" srcset=\"https:\/\/vacanzaweb.it\/wp-content\/uploads\/2025\/04\/incluso_3000x160-scaled.jpg 2560w, https:\/\/vacanzaweb.it\/wp-content\/uploads\/2025\/04\/incluso_3000x160-300x16.jpg 300w, https:\/\/vacanzaweb.it\/wp-content\/uploads\/2025\/04\/incluso_3000x160-1024x55.jpg 1024w, https:\/\/vacanzaweb.it\/wp-content\/uploads\/2025\/04\/incluso_3000x160-768x41.jpg 768w, https:\/\/vacanzaweb.it\/wp-content\/uploads\/2025\/04\/incluso_3000x160-1536x82.jpg 1536w, https:\/\/vacanzaweb.it\/wp-content\/uploads\/2025\/04\/incluso_3000x160-2048x109.jpg 2048w, https:\/\/vacanzaweb.it\/wp-content\/uploads\/2025\/04\/incluso_3000x160-600x32.jpg 600w\" sizes=\"auto, (max-width: 2560px) 100vw, 2560px\" \/><\/figure>\n\n\n\n<p style=\"font-size:15px\">Tariffe in <strong>Pensione Completa o Mezza Pensione<\/strong> (colazione e cena) dalla cena del giorno di arrivo alla colazione del giorno di partenza con bevande incluse ai pasti (6 giorni in FB e 1 giorno in HB).<\/p>\n\n\n\n<figure class=\"wp-block-image size-full\"><img loading=\"lazy\" decoding=\"async\" width=\"2560\" height=\"138\" src=\"https:\/\/vacanzaweb.it\/wp-content\/uploads\/2025\/04\/non_incluso_3000x160-scaled.jpg\" alt=\"\" class=\"wp-image-310\" srcset=\"https:\/\/vacanzaweb.it\/wp-content\/uploads\/2025\/04\/non_incluso_3000x160-scaled.jpg 2560w, https:\/\/vacanzaweb.it\/wp-content\/uploads\/2025\/04\/non_incluso_3000x160-300x16.jpg 300w, https:\/\/vacanzaweb.it\/wp-content\/uploads\/2025\/04\/non_incluso_3000x160-1024x55.jpg 1024w, https:\/\/vacanzaweb.it\/wp-content\/uploads\/2025\/04\/non_incluso_3000x160-768x41.jpg 768w, https:\/\/vacanzaweb.it\/wp-content\/uploads\/2025\/04\/non_incluso_3000x160-1536x83.jpg 1536w, https:\/\/vacanzaweb.it\/wp-content\/uploads\/2025\/04\/non_incluso_3000x160-2048x111.jpg 2048w, https:\/\/vacanzaweb.it\/wp-content\/uploads\/2025\/04\/non_incluso_3000x160-600x32.jpg 600w\" sizes=\"auto, (max-width: 2560px) 100vw, 2560px\" \/><\/figure>\n\n\n\n<p style=\"font-size:15px\">Soggiorni inferiori alle 7 notti: su richiesta minimo 3 notti con ingresso domenica o mercoled\u00ec.<\/p>\n\n\n\n<p style=\"font-size:15px\"><strong>SUPPLEMENTI OBBLIGATORI DA PAGARE IN LOCO:<\/strong><br><strong>Tessera Club:<\/strong> dal 13\/06 al 19\/09 obbligatoria dal pagare in loco \u20ac 49 per persona a settimana, bambini 0\/3 anni n.c. esenti;<br><strong>Servizio Spiaggia:<\/strong> dal 13\/06 al 08\/08 e dal 22\/08 al 19\/09 \u20ac 70 a camera a settimana, dal 08\/08 al 22\/08 \u20ac 140,00 a camera a settimana. Il servizio prevede 1 ombrellone e 2 lettini ad unit\u00e0 abitativa, preassegnati sino ad esaurimento posti, presso Lido della struttura raggiungibile o a piedi attraverso un sentiero.<br><strong>Infant 0\/3 anni n. c<\/strong>.: supplemento \u20ac 15 al giorno con culla e pasti da men\u00f9 inclusi.<br><strong>Tassa di soggiorno<\/strong>: da pagare in loco secondo direttiva comunale vigente.<\/p>\n\n\n\n<figure class=\"wp-block-image size-full\"><img loading=\"lazy\" decoding=\"async\" width=\"2560\" height=\"138\" src=\"https:\/\/vacanzaweb.it\/wp-content\/uploads\/2025\/04\/stanze_3000x160-scaled.jpg\" alt=\"\" class=\"wp-image-311\" srcset=\"https:\/\/vacanzaweb.it\/wp-content\/uploads\/2025\/04\/stanze_3000x160-scaled.jpg 2560w, https:\/\/vacanzaweb.it\/wp-content\/uploads\/2025\/04\/stanze_3000x160-300x16.jpg 300w, https:\/\/vacanzaweb.it\/wp-content\/uploads\/2025\/04\/stanze_3000x160-1024x55.jpg 1024w, https:\/\/vacanzaweb.it\/wp-content\/uploads\/2025\/04\/stanze_3000x160-768x42.jpg 768w, https:\/\/vacanzaweb.it\/wp-content\/uploads\/2025\/04\/stanze_3000x160-1536x83.jpg 1536w, https:\/\/vacanzaweb.it\/wp-content\/uploads\/2025\/04\/stanze_3000x160-2048x111.jpg 2048w, https:\/\/vacanzaweb.it\/wp-content\/uploads\/2025\/04\/stanze_3000x160-600x32.jpg 600w\" sizes=\"auto, (max-width: 2560px) 100vw, 2560px\" \/><\/figure>\n\n\n\n<p style=\"font-size:15px\">La struttura dispone di 172 camere distribuite in varie zone del Villaggio posizionate all&#8217;interno di villette a schiera a due piani con ingressi indipendenti. Decorate in stile mediterraneo, tutte le camere si affacciano su giardini rigogliosi e dispongono di un patio esterno al piano terra e di un terrazzino al piano superiore. Si suddividono in:<\/p>\n\n\n\n<p style=\"font-size:15px\"><strong>COTTAGE MANSARDATO<\/strong>: Camera matrimoniale posta al primo o al secondo piano con terrazzino. &nbsp;Dotati di telefono, tv, frigo, cassaforte, aria condizionata.&nbsp;Decorati in stile mediterraneo, unico ambiente e dispongono di un terrazzino attrezzato.<\/p>\n\n\n\n<p style=\"font-size:15px\"><strong>CAMERA<\/strong>: Collocate&nbsp; al primo piano (doppie e triple) o al piano terra delle villette (quadruple e quintuple), offrono ospitalit\u00e0 e un senso di quiete rifugio, le camere dispongono di terrazzo arredato con tavolo e sedie per apprezzare la natura in cui si \u00e8 immersi. Dotata di telefono, tv, frigo, cassaforte, aria condizionata;<\/p>\n\n\n\n<p style=\"font-size:15px\"><strong>APPARTAMENTI<\/strong>: Appartamenti monolocali da 2 a 4 posti letto all&#8217;interno di villette a schiera a piano terra con ingressi indipendenti. Decorate in stile mediterraneo, unico ambiente e dispongono di un patio esterno attrezzato. Sono dotati di telefono, tv, frigo, cassaforte, aria condizionata e angolo cottura.<\/p>\n\n\n\n<figure class=\"wp-block-image size-full\"><img loading=\"lazy\" decoding=\"async\" width=\"2560\" height=\"137\" src=\"https:\/\/vacanzaweb.it\/wp-content\/uploads\/2025\/04\/attivita_servizi_3000x160-scaled.jpg\" alt=\"\" class=\"wp-image-312\" srcset=\"https:\/\/vacanzaweb.it\/wp-content\/uploads\/2025\/04\/attivita_servizi_3000x160-scaled.jpg 2560w, https:\/\/vacanzaweb.it\/wp-content\/uploads\/2025\/04\/attivita_servizi_3000x160-300x16.jpg 300w, https:\/\/vacanzaweb.it\/wp-content\/uploads\/2025\/04\/attivita_servizi_3000x160-1024x55.jpg 1024w, https:\/\/vacanzaweb.it\/wp-content\/uploads\/2025\/04\/attivita_servizi_3000x160-768x41.jpg 768w, https:\/\/vacanzaweb.it\/wp-content\/uploads\/2025\/04\/attivita_servizi_3000x160-1536x82.jpg 1536w, https:\/\/vacanzaweb.it\/wp-content\/uploads\/2025\/04\/attivita_servizi_3000x160-2048x109.jpg 2048w, https:\/\/vacanzaweb.it\/wp-content\/uploads\/2025\/04\/attivita_servizi_3000x160-600x32.jpg 600w\" sizes=\"auto, (max-width: 2560px) 100vw, 2560px\" \/><\/figure>\n\n\n\n<p style=\"font-size:15px\">Il resort mette a disposizione degli ospiti numerosi servizi: Connessione Wi-Fi nelle zone comuni (bar, ristorante e reception), animazione diurna e serale, con spettacoli, giochi e tornei, mini club e baby dance, boutique, ufficio escursioni, area giochi bambini, bar, ristorante e beach bar. Per il benessere e lo sport: Campo da Tennis, campo polifunzionale, 2 piscine 1 per adulti e 1 per bambini, sdraio e ombrelloni a bordo piscina. Animali ammessi di piccola taglia. Servizio di navetta comunale ad orari prestabiliti per il centro di Cefal\u00f9 oppure servizio transfer privato dell\u2019hotel entrambe a pagamento.<br>Mare cristallino, una baia unica al mondo per posizione e bellezza, di sabbia, piccoli ciottoli e scogli bassi consentono un accesso dolce al mare, piacevole anche per gli ospiti pi\u00f9 piccoli. La spiaggia \u00e8 raggiungibile a piedi attraverso un sentiero di vegetazione mediterranea o tramite servizio navetta dalle 8.00 alle 19.30. Tra i servizi: beach bar, lettini e ombrelloni riservati agli ospiti, anche nel prato antistante la spiaggia. Oltre alle postazioni disponibili nella spiaggia del villaggio, ulteriori lettini e ombrelloni, a circa 2 Km (le postazioni saranno messe a disposizione dalla struttura, che si occuper\u00e0 anche del servizio navetta dalle 8.00 alle 19.30, con \u201cpacked lunch\u201d su richiesta).<\/p>\n\n\n\n<figure class=\"wp-block-image size-full\"><img loading=\"lazy\" decoding=\"async\" width=\"2560\" height=\"137\" src=\"https:\/\/vacanzaweb.it\/wp-content\/uploads\/2025\/04\/ristorazione_3000x160-scaled.jpg\" alt=\"\" class=\"wp-image-313\" srcset=\"https:\/\/vacanzaweb.it\/wp-content\/uploads\/2025\/04\/ristorazione_3000x160-scaled.jpg 2560w, https:\/\/vacanzaweb.it\/wp-content\/uploads\/2025\/04\/ristorazione_3000x160-300x16.jpg 300w, https:\/\/vacanzaweb.it\/wp-content\/uploads\/2025\/04\/ristorazione_3000x160-1024x55.jpg 1024w, https:\/\/vacanzaweb.it\/wp-content\/uploads\/2025\/04\/ristorazione_3000x160-768x41.jpg 768w, https:\/\/vacanzaweb.it\/wp-content\/uploads\/2025\/04\/ristorazione_3000x160-1536x82.jpg 1536w, https:\/\/vacanzaweb.it\/wp-content\/uploads\/2025\/04\/ristorazione_3000x160-2048x109.jpg 2048w, https:\/\/vacanzaweb.it\/wp-content\/uploads\/2025\/04\/ristorazione_3000x160-600x32.jpg 600w\" sizes=\"auto, (max-width: 2560px) 100vw, 2560px\" \/><\/figure>\n\n\n\n<p style=\"font-size:15px\">Un\u2019ampia sala e una terrazza esterna coperta, accolgono gli ospiti con servizio buffet in pensione completa con cola, aranciata, vino ed acqua in caraffa da dispenser inclusi ai pasti. Ogni sera \u00e8 proposto un diverso tema gastronomico con tanti piatti tipici della cucina isolana. Per potere godere al meglio delle bellezze della Sicilia e per poter effettuare escursioni anche di una intera giornata la struttura mette a disposizione un servizio di pocket lunch prenotabile durante il soggiorno. Disponibili pasti senza glutine con supplemento in loco.<\/p>\n\n\n\n<figure class=\"wp-block-image size-full\"><img loading=\"lazy\" decoding=\"async\" width=\"2560\" height=\"137\" src=\"https:\/\/vacanzaweb.it\/wp-content\/uploads\/2025\/04\/politica_cancellazioni_3000x160-scaled.jpg\" alt=\"\" class=\"wp-image-314\" srcset=\"https:\/\/vacanzaweb.it\/wp-content\/uploads\/2025\/04\/politica_cancellazioni_3000x160-scaled.jpg 2560w, https:\/\/vacanzaweb.it\/wp-content\/uploads\/2025\/04\/politica_cancellazioni_3000x160-300x16.jpg 300w, https:\/\/vacanzaweb.it\/wp-content\/uploads\/2025\/04\/politica_cancellazioni_3000x160-1024x55.jpg 1024w, https:\/\/vacanzaweb.it\/wp-content\/uploads\/2025\/04\/politica_cancellazioni_3000x160-768x41.jpg 768w, https:\/\/vacanzaweb.it\/wp-content\/uploads\/2025\/04\/politica_cancellazioni_3000x160-1536x82.jpg 1536w, https:\/\/vacanzaweb.it\/wp-content\/uploads\/2025\/04\/politica_cancellazioni_3000x160-2048x109.jpg 2048w, https:\/\/vacanzaweb.it\/wp-content\/uploads\/2025\/04\/politica_cancellazioni_3000x160-600x32.jpg 600w\" sizes=\"auto, (max-width: 2560px) 100vw, 2560px\" \/><\/figure>\n\n\n\n<p style=\"font-size:15px\">da 21 giorni a 11 giorni prima dell\u2019arrivo 30% dell\u2019importo del servizio prenotato<br>da 10 giorni a 2 giorni prima dell\u2019arrivo in struttura 75% dell\u2019importo del servizio prenotato<br>da 2 giorni prima dell\u2019arrivo in struttura 100% dell\u2019importo del servizio prenotato.<\/p>\n\n\n\n<p style=\"font-size:15px\">AD ESCLUSIONE DI EVENTUALI CONDIZIONI PARTICOLARI PREVISTE DALLE SINGOLE STRUTTURE<\/p>\n\n\n\n<figure class=\"wp-block-image size-full\"><img loading=\"lazy\" decoding=\"async\" width=\"2560\" height=\"137\" src=\"https:\/\/vacanzaweb.it\/wp-content\/uploads\/2025\/04\/politica_animali_3000x160-scaled.jpg\" alt=\"\" class=\"wp-image-315\" srcset=\"https:\/\/vacanzaweb.it\/wp-content\/uploads\/2025\/04\/politica_animali_3000x160-scaled.jpg 2560w, https:\/\/vacanzaweb.it\/wp-content\/uploads\/2025\/04\/politica_animali_3000x160-300x16.jpg 300w, https:\/\/vacanzaweb.it\/wp-content\/uploads\/2025\/04\/politica_animali_3000x160-1024x55.jpg 1024w, https:\/\/vacanzaweb.it\/wp-content\/uploads\/2025\/04\/politica_animali_3000x160-768x41.jpg 768w, https:\/\/vacanzaweb.it\/wp-content\/uploads\/2025\/04\/politica_animali_3000x160-1536x82.jpg 1536w, https:\/\/vacanzaweb.it\/wp-content\/uploads\/2025\/04\/politica_animali_3000x160-2048x109.jpg 2048w, https:\/\/vacanzaweb.it\/wp-content\/uploads\/2025\/04\/politica_animali_3000x160-600x32.jpg 600w\" sizes=\"auto, (max-width: 2560px) 100vw, 2560px\" \/><\/figure>\n\n\n\n<p style=\"font-size:15px\">Ammessi di piccola taglia max 5 kg, escluso aree comuni, \u20ac 70 ad animale per disinfezione finale. Gli animali sono sempre comunque soggetti al regolamento vigente nel resort. Soggiorni brevi (minimo 3 notti) \u20ac50,00 a soggiorno.<\/p>\n\n\n\n<figure class=\"wp-block-image size-full\"><img loading=\"lazy\" decoding=\"async\" width=\"2560\" height=\"137\" src=\"https:\/\/vacanzaweb.it\/wp-content\/uploads\/2025\/04\/check_3000x160-scaled.jpg\" alt=\"\" class=\"wp-image-316\" srcset=\"https:\/\/vacanzaweb.it\/wp-content\/uploads\/2025\/04\/check_3000x160-scaled.jpg 2560w, https:\/\/vacanzaweb.it\/wp-content\/uploads\/2025\/04\/check_3000x160-300x16.jpg 300w, https:\/\/vacanzaweb.it\/wp-content\/uploads\/2025\/04\/check_3000x160-1024x55.jpg 1024w, https:\/\/vacanzaweb.it\/wp-content\/uploads\/2025\/04\/check_3000x160-768x41.jpg 768w, https:\/\/vacanzaweb.it\/wp-content\/uploads\/2025\/04\/check_3000x160-1536x82.jpg 1536w, https:\/\/vacanzaweb.it\/wp-content\/uploads\/2025\/04\/check_3000x160-2048x109.jpg 2048w, https:\/\/vacanzaweb.it\/wp-content\/uploads\/2025\/04\/check_3000x160-600x32.jpg 600w\" sizes=\"auto, (max-width: 2560px) 100vw, 2560px\" \/><\/figure>\n\n\n\n<p style=\"font-size:15px\">Check In: dalle ore 17.00<br>Check Out: entro le ore 10.00<\/p>\n","protected":false},"excerpt":{"rendered":"<p>A pochi passi dal mare pi\u00f9 cristallino di Cefal\u00f9, nella suggestiva Baia di Mazzaforno, il Resort \u00e8 immerso in uno splendido giardino mediterraneo, un luogo speciale per trascorrere le vacanze in coppia o con la propria famiglia. Tabella Prezzi Tariffe in Pensione Completa o Mezza &hellip; <\/p>\n","protected":false},"author":1,"featured_media":0,"parent":854,"menu_order":0,"comment_status":"closed","ping_status":"closed","template":"","meta":{"ngg_post_thumbnail":0,"footnotes":""},"class_list":["post-859","page","type-page","status-publish","hentry"],"_links":{"self":[{"href":"https:\/\/vacanzaweb.it\/index.php\/wp-json\/wp\/v2\/pages\/859","targetHints":{"allow":["GET"]}}],"collection":[{"href":"https:\/\/vacanzaweb.it\/index.php\/wp-json\/wp\/v2\/pages"}],"about":[{"href":"https:\/\/vacanzaweb.it\/index.php\/wp-json\/wp\/v2\/types\/page"}],"author":[{"embeddable":true,"href":"https:\/\/vacanzaweb.it\/index.php\/wp-json\/wp\/v2\/users\/1"}],"replies":[{"embeddable":true,"href":"https:\/\/vacanzaweb.it\/index.php\/wp-json\/wp\/v2\/comments?post=859"}],"version-history":[{"count":3,"href":"https:\/\/vacanzaweb.it\/index.php\/wp-json\/wp\/v2\/pages\/859\/revisions"}],"predecessor-version":[{"id":868,"href":"https:\/\/vacanzaweb.it\/index.php\/wp-json\/wp\/v2\/pages\/859\/revisions\/868"}],"up":[{"embeddable":true,"href":"https:\/\/vacanzaweb.it\/index.php\/wp-json\/wp\/v2\/pages\/854"}],"wp:attachment":[{"href":"https:\/\/vacanzaweb.it\/index.php\/wp-json\/wp\/v2\/media?parent=859"}],"curies":[{"name":"wp","href":"https:\/\/api.w.org\/{rel}","templated":true}]}}