{"id":911,"date":"2025-05-02T13:54:31","date_gmt":"2025-05-02T11:54:31","guid":{"rendered":"https:\/\/vacanzaweb.it\/?page_id=911"},"modified":"2025-05-02T13:55:35","modified_gmt":"2025-05-02T11:55:35","slug":"club-nature-village","status":"publish","type":"page","link":"https:\/\/vacanzaweb.it\/index.php\/hotel-in-calabria\/club-nature-village\/","title":{"rendered":"Club Nature Village 3*"},"content":{"rendered":"\n<p style=\"font-size:15px\">Natura, mare e piscina rendono il resort in Calabria accessibile a tutti, offrendo ogni comfort possibile per soddisfare tutte le esigenze dei propri ospiti. Circondato dalla natura potrai passeggiare, fare sport o semplicemente godere della pace che questa ti regala.<\/p>\n\n\nngg_shortcode_0_placeholder\n\n\n<h2 class=\"wp-block-heading has-cyan-bluish-gray-background-color has-background\" style=\"font-size:20px\">Tabella Prezzi<\/h2>\n\n\n<div class=\"wp-block-image\">\n<figure class=\"aligncenter size-full\"><img loading=\"lazy\" decoding=\"async\" width=\"1525\" height=\"1068\" src=\"https:\/\/vacanzaweb.it\/wp-content\/uploads\/2025\/05\/club_nature_village_prezzi.jpg\" alt=\"\" class=\"wp-image-912\" srcset=\"https:\/\/vacanzaweb.it\/wp-content\/uploads\/2025\/05\/club_nature_village_prezzi.jpg 1525w, https:\/\/vacanzaweb.it\/wp-content\/uploads\/2025\/05\/club_nature_village_prezzi-300x210.jpg 300w, https:\/\/vacanzaweb.it\/wp-content\/uploads\/2025\/05\/club_nature_village_prezzi-1024x717.jpg 1024w, https:\/\/vacanzaweb.it\/wp-content\/uploads\/2025\/05\/club_nature_village_prezzi-768x538.jpg 768w, https:\/\/vacanzaweb.it\/wp-content\/uploads\/2025\/05\/club_nature_village_prezzi-86x60.jpg 86w, https:\/\/vacanzaweb.it\/wp-content\/uploads\/2025\/05\/club_nature_village_prezzi-600x420.jpg 600w\" sizes=\"auto, (max-width: 1525px) 100vw, 1525px\" \/><\/figure>\n<\/div>\n\n\n<div style=\"height:50px\" aria-hidden=\"true\" class=\"wp-block-spacer\"><\/div>\n\n\n\n<figure class=\"wp-block-image size-full\"><img loading=\"lazy\" decoding=\"async\" width=\"2560\" height=\"137\" src=\"https:\/\/vacanzaweb.it\/wp-content\/uploads\/2025\/04\/incluso_3000x160-scaled.jpg\" alt=\"\" class=\"wp-image-309\" srcset=\"https:\/\/vacanzaweb.it\/wp-content\/uploads\/2025\/04\/incluso_3000x160-scaled.jpg 2560w, https:\/\/vacanzaweb.it\/wp-content\/uploads\/2025\/04\/incluso_3000x160-300x16.jpg 300w, https:\/\/vacanzaweb.it\/wp-content\/uploads\/2025\/04\/incluso_3000x160-1024x55.jpg 1024w, https:\/\/vacanzaweb.it\/wp-content\/uploads\/2025\/04\/incluso_3000x160-768x41.jpg 768w, https:\/\/vacanzaweb.it\/wp-content\/uploads\/2025\/04\/incluso_3000x160-1536x82.jpg 1536w, https:\/\/vacanzaweb.it\/wp-content\/uploads\/2025\/04\/incluso_3000x160-2048x109.jpg 2048w, https:\/\/vacanzaweb.it\/wp-content\/uploads\/2025\/04\/incluso_3000x160-600x32.jpg 600w\" sizes=\"auto, (max-width: 2560px) 100vw, 2560px\" \/><\/figure>\n\n\n\n<p style=\"font-size:15px\">Tariffe in <strong>Pensione Completa<\/strong> con bevande ai pasti (\u00bd acqua, cola o aranciata e 1\/4 vino alla spina). Il soggiorno inizia con la cena del giorno di arrivo e termina con il pranzo del giorno di partenza.<br><strong>Infant: 0\/4 anni n.c<\/strong>. gratis nel letto con i genitori.<br><strong>Tessera club<\/strong>: inclusa, comprensiva di: servizio spiaggia comprensivo di un ombrellone e due lettini a camera, animazione diurna con ginnastica aerobica e acquatica, gare e tornei di calcetto, tennis, beach soccer, tennis da tavolo, danza latino-americano base, uso canoe e tavole da surf, animazione serale con spettacoli, musical e feste a tema, Mini club e young club dedicati per fascia d&#8217;et\u00e0, utilizzo della piscina esterna per adulti e bambini.<\/p>\n\n\n\n<figure class=\"wp-block-image size-full\"><img loading=\"lazy\" decoding=\"async\" width=\"2560\" height=\"138\" src=\"https:\/\/vacanzaweb.it\/wp-content\/uploads\/2025\/04\/non_incluso_3000x160-scaled.jpg\" alt=\"\" class=\"wp-image-310\" srcset=\"https:\/\/vacanzaweb.it\/wp-content\/uploads\/2025\/04\/non_incluso_3000x160-scaled.jpg 2560w, https:\/\/vacanzaweb.it\/wp-content\/uploads\/2025\/04\/non_incluso_3000x160-300x16.jpg 300w, https:\/\/vacanzaweb.it\/wp-content\/uploads\/2025\/04\/non_incluso_3000x160-1024x55.jpg 1024w, https:\/\/vacanzaweb.it\/wp-content\/uploads\/2025\/04\/non_incluso_3000x160-768x41.jpg 768w, https:\/\/vacanzaweb.it\/wp-content\/uploads\/2025\/04\/non_incluso_3000x160-1536x83.jpg 1536w, https:\/\/vacanzaweb.it\/wp-content\/uploads\/2025\/04\/non_incluso_3000x160-2048x111.jpg 2048w, https:\/\/vacanzaweb.it\/wp-content\/uploads\/2025\/04\/non_incluso_3000x160-600x32.jpg 600w\" sizes=\"auto, (max-width: 2560px) 100vw, 2560px\" \/><\/figure>\n\n\n\n<p style=\"font-size:15px\"><strong>Tassa di soggiorno<\/strong>: secondo normativa comunale.<br><strong>Culla<\/strong>: da richiedere al momento della prenotazione previa disponibilit\u00e0 con supplemento \u20ac 10,00 al giorno.<\/p>\n\n\n\n<figure class=\"wp-block-image size-full\"><img loading=\"lazy\" decoding=\"async\" width=\"2560\" height=\"138\" src=\"https:\/\/vacanzaweb.it\/wp-content\/uploads\/2025\/04\/stanze_3000x160-scaled.jpg\" alt=\"\" class=\"wp-image-311\" srcset=\"https:\/\/vacanzaweb.it\/wp-content\/uploads\/2025\/04\/stanze_3000x160-scaled.jpg 2560w, https:\/\/vacanzaweb.it\/wp-content\/uploads\/2025\/04\/stanze_3000x160-300x16.jpg 300w, https:\/\/vacanzaweb.it\/wp-content\/uploads\/2025\/04\/stanze_3000x160-1024x55.jpg 1024w, https:\/\/vacanzaweb.it\/wp-content\/uploads\/2025\/04\/stanze_3000x160-768x42.jpg 768w, https:\/\/vacanzaweb.it\/wp-content\/uploads\/2025\/04\/stanze_3000x160-1536x83.jpg 1536w, https:\/\/vacanzaweb.it\/wp-content\/uploads\/2025\/04\/stanze_3000x160-2048x111.jpg 2048w, https:\/\/vacanzaweb.it\/wp-content\/uploads\/2025\/04\/stanze_3000x160-600x32.jpg 600w\" sizes=\"auto, (max-width: 2560px) 100vw, 2560px\" \/><\/figure>\n\n\n\n<p style=\"font-size:15px\">Camere <strong>Standard<\/strong>: sono ubicate nella zona piscina e si presentano sotto forma di villette a schiera. Le singole unit\u00e0 abitative sono costituite da letti matrimoniali, con letti a castello o letti piani, con ambienti separati e dispongono di: aria condizionata, servizi privati, asciugacapelli, televisione, frigobar.<\/p>\n\n\n\n<figure class=\"wp-block-image size-full\"><img loading=\"lazy\" decoding=\"async\" width=\"2560\" height=\"137\" src=\"https:\/\/vacanzaweb.it\/wp-content\/uploads\/2025\/04\/attivita_servizi_3000x160-scaled.jpg\" alt=\"\" class=\"wp-image-312\" srcset=\"https:\/\/vacanzaweb.it\/wp-content\/uploads\/2025\/04\/attivita_servizi_3000x160-scaled.jpg 2560w, https:\/\/vacanzaweb.it\/wp-content\/uploads\/2025\/04\/attivita_servizi_3000x160-300x16.jpg 300w, https:\/\/vacanzaweb.it\/wp-content\/uploads\/2025\/04\/attivita_servizi_3000x160-1024x55.jpg 1024w, https:\/\/vacanzaweb.it\/wp-content\/uploads\/2025\/04\/attivita_servizi_3000x160-768x41.jpg 768w, https:\/\/vacanzaweb.it\/wp-content\/uploads\/2025\/04\/attivita_servizi_3000x160-1536x82.jpg 1536w, https:\/\/vacanzaweb.it\/wp-content\/uploads\/2025\/04\/attivita_servizi_3000x160-2048x109.jpg 2048w, https:\/\/vacanzaweb.it\/wp-content\/uploads\/2025\/04\/attivita_servizi_3000x160-600x32.jpg 600w\" sizes=\"auto, (max-width: 2560px) 100vw, 2560px\" \/><\/figure>\n\n\n\n<p style=\"font-size:15px\">Pool bar, beach bar, bazar, coiffeur, fotografo, parcheggio interno scoperto non custodito, wi-fi gratuito presso la hall, area giochi per bambini, anfiteatro all&#8217;aperto, cinema sotto le stelle, transfer da\/per la stazione di Sibari (su richiesta a pagamento). A pagamento: Illuminazione notturna del campo da calcetto e dei campi da tennis, servizio nursery, assistenza medica (ad orari stabiliti), servizio Iavanderia, transfer da\/per gli aeroporti di Lamezia Terme e Bari (su richiesta a pagamento). Lo staff di animazione offre diversi spettacoli serali adatti a tutti che spaziano dal cabaret al musical e al variet\u00e0 con varie attivit\u00e0 pensate per i pi\u00f9 grandi, i pi\u00f9 piccini, il singolo e la famiglia. Il Resort offre programmi specifici per bambini e ragazzi. Mini Club (4\/11 anni): una speciale attenzione \u00e8 rivolta ai pi\u00f9 piccini, a loro \u00e8 riservata un\u2019area attrezzata del resort in cui, oltre a trovare giochi possono incontrare uno staff qualificato di animatori che organizza attivit\u00e0 ludiche e didattiche, e tanti altri simpatici appuntamenti durante l\u2019arco della giornata. Teen Club (ragazzi 12\/17 anni), un club speciale riservato ai ragazzi dove, durante il giorno, coordinati da un\u2019equipe di animatori potranno seguire corsi di avviamento allo sport, al ballo ed alle arti espressive e vivere tanti altri momenti di aggregazione partecipando a giochi di ruolo e di societ\u00e0. A 200 m, la <strong>spiaggia,<\/strong> \u00e8 composta da sabbia mista a ghiaia sottile, privata ed attrezzata, facilmente raggiungibile percorrendo sentieri interni, all&#8217;ombra dei secolari pini marittimi. Servizio spiaggia incluso nella Tessera Club (1 ombrellone + 2 lettini a camera).<\/p>\n\n\n\n<figure class=\"wp-block-image size-full\"><img loading=\"lazy\" decoding=\"async\" width=\"2560\" height=\"137\" src=\"https:\/\/vacanzaweb.it\/wp-content\/uploads\/2025\/04\/ristorazione_3000x160-scaled.jpg\" alt=\"\" class=\"wp-image-313\" srcset=\"https:\/\/vacanzaweb.it\/wp-content\/uploads\/2025\/04\/ristorazione_3000x160-scaled.jpg 2560w, https:\/\/vacanzaweb.it\/wp-content\/uploads\/2025\/04\/ristorazione_3000x160-300x16.jpg 300w, https:\/\/vacanzaweb.it\/wp-content\/uploads\/2025\/04\/ristorazione_3000x160-1024x55.jpg 1024w, https:\/\/vacanzaweb.it\/wp-content\/uploads\/2025\/04\/ristorazione_3000x160-768x41.jpg 768w, https:\/\/vacanzaweb.it\/wp-content\/uploads\/2025\/04\/ristorazione_3000x160-1536x82.jpg 1536w, https:\/\/vacanzaweb.it\/wp-content\/uploads\/2025\/04\/ristorazione_3000x160-2048x109.jpg 2048w, https:\/\/vacanzaweb.it\/wp-content\/uploads\/2025\/04\/ristorazione_3000x160-600x32.jpg 600w\" sizes=\"auto, (max-width: 2560px) 100vw, 2560px\" \/><\/figure>\n\n\n\n<p style=\"font-size:15px\">Il ristorante centrale \u00e8 circondato nel verde della natura. Prima colazione standard all&#8217;italiana (caff\u00e8, cappuccino, cornetti e dolci), pranzo e cena a buffet presso il ristorante centrale climatizzato con tavolo assegnato per tutta la durata del soggiorno. Piatti tipici della cucina locale e nazionale con uso di prodotti locali; \u00bd acqua, cola o aranciata e 1\/4 vino alla spina inclusi ai pasti. Possibilit\u00e0 su segnalazione di cucina per celiaci. Biberoneria: Per i baby 0\/4 anni e le loro mamme, durante l&#8217;orario dei pasti principali, biberoneria attrezzata con angolo cottura, lavabo, frigorifero, microonde, tavolini e seggiolini. A disposizione, inoltre, acqua, olio extra vergine di oliva e sale. Gluten Free: disponibilit\u00e0 di cucina per celiaci senza alcun supplemento (da segnalare al momento della prenotazione).<\/p>\n\n\n\n<figure class=\"wp-block-image size-full\"><img loading=\"lazy\" decoding=\"async\" width=\"2560\" height=\"137\" src=\"https:\/\/vacanzaweb.it\/wp-content\/uploads\/2025\/04\/politica_cancellazioni_3000x160-scaled.jpg\" alt=\"\" class=\"wp-image-314\" srcset=\"https:\/\/vacanzaweb.it\/wp-content\/uploads\/2025\/04\/politica_cancellazioni_3000x160-scaled.jpg 2560w, https:\/\/vacanzaweb.it\/wp-content\/uploads\/2025\/04\/politica_cancellazioni_3000x160-300x16.jpg 300w, https:\/\/vacanzaweb.it\/wp-content\/uploads\/2025\/04\/politica_cancellazioni_3000x160-1024x55.jpg 1024w, https:\/\/vacanzaweb.it\/wp-content\/uploads\/2025\/04\/politica_cancellazioni_3000x160-768x41.jpg 768w, https:\/\/vacanzaweb.it\/wp-content\/uploads\/2025\/04\/politica_cancellazioni_3000x160-1536x82.jpg 1536w, https:\/\/vacanzaweb.it\/wp-content\/uploads\/2025\/04\/politica_cancellazioni_3000x160-2048x109.jpg 2048w, https:\/\/vacanzaweb.it\/wp-content\/uploads\/2025\/04\/politica_cancellazioni_3000x160-600x32.jpg 600w\" sizes=\"auto, (max-width: 2560px) 100vw, 2560px\" \/><\/figure>\n\n\n\n<p style=\"font-size:15px\">da 21 giorni a 11 giorni prima dell\u2019arrivo 30% dell\u2019importo del servizio prenotato<br>da 10 giorni a 2 giorni prima dell\u2019arrivo in struttura 75% dell\u2019importo del servizio prenotato<br>da 2 giorni prima dell\u2019arrivo in struttura 100% dell\u2019importo del servizio prenotato.<\/p>\n\n\n\n<p style=\"font-size:15px\">AD ESCLUSIONE DI EVENTUALI CONDIZIONI PARTICOLARI PREVISTE DALLE SINGOLE STRUTTURE<\/p>\n\n\n\n<figure class=\"wp-block-image size-full\"><img loading=\"lazy\" decoding=\"async\" width=\"2560\" height=\"137\" src=\"https:\/\/vacanzaweb.it\/wp-content\/uploads\/2025\/04\/politica_animali_3000x160-scaled.jpg\" alt=\"\" class=\"wp-image-315\" srcset=\"https:\/\/vacanzaweb.it\/wp-content\/uploads\/2025\/04\/politica_animali_3000x160-scaled.jpg 2560w, https:\/\/vacanzaweb.it\/wp-content\/uploads\/2025\/04\/politica_animali_3000x160-300x16.jpg 300w, https:\/\/vacanzaweb.it\/wp-content\/uploads\/2025\/04\/politica_animali_3000x160-1024x55.jpg 1024w, https:\/\/vacanzaweb.it\/wp-content\/uploads\/2025\/04\/politica_animali_3000x160-768x41.jpg 768w, https:\/\/vacanzaweb.it\/wp-content\/uploads\/2025\/04\/politica_animali_3000x160-1536x82.jpg 1536w, https:\/\/vacanzaweb.it\/wp-content\/uploads\/2025\/04\/politica_animali_3000x160-2048x109.jpg 2048w, https:\/\/vacanzaweb.it\/wp-content\/uploads\/2025\/04\/politica_animali_3000x160-600x32.jpg 600w\" sizes=\"auto, (max-width: 2560px) 100vw, 2560px\" \/><\/figure>\n\n\n\n<p style=\"font-size:15px\">Ammessi di piccola e medio\/grande taglia previa segnalazione al momento della prenotazione e soggetti al regolamento vigente nel villaggio. Previsto un supplemento di \u20ac 10.00 al giorno ad animale da pagare in loco per la disinfestazione finale.<\/p>\n\n\n\n<figure class=\"wp-block-image size-full\"><img loading=\"lazy\" decoding=\"async\" width=\"2560\" height=\"137\" src=\"https:\/\/vacanzaweb.it\/wp-content\/uploads\/2025\/04\/check_3000x160-scaled.jpg\" alt=\"\" class=\"wp-image-316\" srcset=\"https:\/\/vacanzaweb.it\/wp-content\/uploads\/2025\/04\/check_3000x160-scaled.jpg 2560w, https:\/\/vacanzaweb.it\/wp-content\/uploads\/2025\/04\/check_3000x160-300x16.jpg 300w, https:\/\/vacanzaweb.it\/wp-content\/uploads\/2025\/04\/check_3000x160-1024x55.jpg 1024w, https:\/\/vacanzaweb.it\/wp-content\/uploads\/2025\/04\/check_3000x160-768x41.jpg 768w, https:\/\/vacanzaweb.it\/wp-content\/uploads\/2025\/04\/check_3000x160-1536x82.jpg 1536w, https:\/\/vacanzaweb.it\/wp-content\/uploads\/2025\/04\/check_3000x160-2048x109.jpg 2048w, https:\/\/vacanzaweb.it\/wp-content\/uploads\/2025\/04\/check_3000x160-600x32.jpg 600w\" sizes=\"auto, (max-width: 2560px) 100vw, 2560px\" \/><\/figure>\n\n\n\n<p style=\"font-size:15px\">Check In: dalle ore 17.30<br>Check Out: entro le ore 10.00\u00a0<\/p>\n","protected":false},"excerpt":{"rendered":"<p>Natura, mare e piscina rendono il resort in Calabria accessibile a tutti, offrendo ogni comfort possibile per soddisfare tutte le esigenze dei propri ospiti. Circondato dalla natura potrai passeggiare, fare sport o semplicemente godere della pace che questa ti regala. Tabella Prezzi Tariffe in Pensione &hellip; <\/p>\n","protected":false},"author":1,"featured_media":0,"parent":891,"menu_order":0,"comment_status":"closed","ping_status":"closed","template":"","meta":{"ngg_post_thumbnail":0,"footnotes":""},"class_list":["post-911","page","type-page","status-publish","hentry"],"_links":{"self":[{"href":"https:\/\/vacanzaweb.it\/index.php\/wp-json\/wp\/v2\/pages\/911","targetHints":{"allow":["GET"]}}],"collection":[{"href":"https:\/\/vacanzaweb.it\/index.php\/wp-json\/wp\/v2\/pages"}],"about":[{"href":"https:\/\/vacanzaweb.it\/index.php\/wp-json\/wp\/v2\/types\/page"}],"author":[{"embeddable":true,"href":"https:\/\/vacanzaweb.it\/index.php\/wp-json\/wp\/v2\/users\/1"}],"replies":[{"embeddable":true,"href":"https:\/\/vacanzaweb.it\/index.php\/wp-json\/wp\/v2\/comments?post=911"}],"version-history":[{"count":2,"href":"https:\/\/vacanzaweb.it\/index.php\/wp-json\/wp\/v2\/pages\/911\/revisions"}],"predecessor-version":[{"id":915,"href":"https:\/\/vacanzaweb.it\/index.php\/wp-json\/wp\/v2\/pages\/911\/revisions\/915"}],"up":[{"embeddable":true,"href":"https:\/\/vacanzaweb.it\/index.php\/wp-json\/wp\/v2\/pages\/891"}],"wp:attachment":[{"href":"https:\/\/vacanzaweb.it\/index.php\/wp-json\/wp\/v2\/media?parent=911"}],"curies":[{"name":"wp","href":"https:\/\/api.w.org\/{rel}","templated":true}]}}